{"id":6977,"date":"2022-04-27T17:10:52","date_gmt":"2022-04-27T17:10:52","guid":{"rendered":"https:\/\/www.asdelectrowavefishingteam.it\/?page_id=6977"},"modified":"2024-07-11T11:18:15","modified_gmt":"2024-07-11T11:18:15","slug":"che-occhi-grandi-che-hai-a-pesca-di-occhioni","status":"publish","type":"page","link":"https:\/\/www.asdelectrowavefishingteam.it\/index.php\/che-occhi-grandi-che-hai-a-pesca-di-occhioni\/","title":{"rendered":"Che occhi grandi che hai\u2026 a pesca di occhioni"},"content":{"rendered":"\t\t<div data-elementor-type=\"wp-page\" data-elementor-id=\"6977\" class=\"elementor elementor-6977\">\n\t\t\t\t\t\t<section class=\"elementor-section elementor-top-section elementor-element elementor-element-a4ab0dd elementor-section-boxed elementor-section-height-default elementor-section-height-default\" data-id=\"a4ab0dd\" data-element_type=\"section\">\n\t\t\t\t\t\t<div class=\"elementor-container elementor-column-gap-default\">\n\t\t\t\t\t<div class=\"elementor-column elementor-col-100 elementor-top-column elementor-element elementor-element-0be6209\" data-id=\"0be6209\" data-element_type=\"column\">\n\t\t\t<div class=\"elementor-widget-wrap\">\n\t\t\t\t\t\t\t<\/div>\n\t\t<\/div>\n\t\t\t\t\t<\/div>\n\t\t<\/section>\n\t\t\t\t<section class=\"elementor-section elementor-top-section elementor-element elementor-element-cc81d3f elementor-section-boxed elementor-section-height-default elementor-section-height-default\" data-id=\"cc81d3f\" data-element_type=\"section\">\n\t\t\t\t\t\t<div class=\"elementor-container elementor-column-gap-default\">\n\t\t\t\t\t<div class=\"elementor-column elementor-col-100 elementor-top-column elementor-element elementor-element-eaf0928\" data-id=\"eaf0928\" data-element_type=\"column\">\n\t\t\t<div class=\"elementor-widget-wrap elementor-element-populated\">\n\t\t\t\t\t\t<div class=\"elementor-element elementor-element-5ab27a9 elementor-widget elementor-widget-text-editor\" data-id=\"5ab27a9\" data-element_type=\"widget\" data-widget_type=\"text-editor.default\">\n\t\t\t\t<div class=\"elementor-widget-container\">\n\t\t\t\t\t\t\t\t\t<h6>\u00a0<\/h6><p>Il bolentino di profondit\u00e0, lo abbiamo detto pi\u00f9 volte, \u00e8 una tecnica davvero affascinante.<br \/><span style=\"color: var( --e-global-color-text ); font-family: var( --e-global-typography-text-font-family ), Sans-serif; font-weight: var( --e-global-typography-text-font-weight );\">Porta in se gi\u00e0 le emozioni tipiche del bolentino costiero, ma elevate all\u2019ennesima potenza grazie al mistero delle grandi profondit\u00e0.<br \/><\/span><span style=\"color: var( --e-global-color-text ); font-family: var( --e-global-typography-text-font-family ), Sans-serif; font-weight: var( --e-global-typography-text-font-weight );\">L\u2019idea di un\u2019esca che vola per centinaia di metri nell\u2019oscurit\u00e0 pi\u00f9 assoluta, verso profondit\u00e0 abissali, verso quel mondo inesplorabile che solo la fantasia pu\u00f2 aiutarci ad immaginare, ci fa per venire i brividi \u2026<br \/><\/span><span style=\"color: var( --e-global-color-text ); font-family: var( --e-global-typography-text-font-family ), Sans-serif; font-weight: var( --e-global-typography-text-font-weight );\">Una tecnica che purtroppo mette dei limiti, \u00a0perch\u00e9 praticandola in alto fondale ci costringe a raggiungere spot lontani non adatti a tutte le barche, salvo per quei pochi fortunati che godono di acque profonde gi\u00e0 a poche miglia dalla costa.\u00a0<\/span><\/p>\t\t\t\t\t\t\t\t<\/div>\n\t\t\t\t<\/div>\n\t\t\t\t<div class=\"elementor-element elementor-element-6e4777f elementor-widget elementor-widget-image\" data-id=\"6e4777f\" data-element_type=\"widget\" data-widget_type=\"image.default\">\n\t\t\t\t<div class=\"elementor-widget-container\">\n\t\t\t\t\t\t\t\t\t\t\t\t\t\t\t<img fetchpriority=\"high\" decoding=\"async\" width=\"500\" height=\"688\" src=\"https:\/\/www.asdelectrowavefishingteam.it\/wp-content\/uploads\/2024\/07\/occhione-pescato-amo.jpg\" class=\"attachment-large size-large wp-image-14614\" alt=\"\" srcset=\"https:\/\/www.asdelectrowavefishingteam.it\/wp-content\/uploads\/2024\/07\/occhione-pescato-amo.jpg 500w, https:\/\/www.asdelectrowavefishingteam.it\/wp-content\/uploads\/2024\/07\/occhione-pescato-amo-218x300.jpg 218w\" sizes=\"(max-width: 500px) 100vw, 500px\" \/>\t\t\t\t\t\t\t\t\t\t\t\t\t\t\t<\/div>\n\t\t\t\t<\/div>\n\t\t\t\t\t<\/div>\n\t\t<\/div>\n\t\t\t\t\t<\/div>\n\t\t<\/section>\n\t\t\t\t<\/div>\n\t\t","protected":false},"excerpt":{"rendered":"<p>\u00a0 Il bolentino di profondit\u00e0, lo abbiamo detto pi\u00f9 volte, \u00e8 una tecnica davvero affascinante.Porta in se gi\u00e0 le emozioni tipiche del bolentino costiero, ma elevate all\u2019ennesima potenza grazie al mistero delle grandi profondit\u00e0.L\u2019idea di un\u2019esca che vola per centinaia di metri nell\u2019oscurit\u00e0 pi\u00f9 assoluta, verso profondit\u00e0 abissali, verso quel mondo inesplorabile che solo la fantasia pu\u00f2 aiutarci ad immaginare, &hellip;<\/p>\n","protected":false},"author":3,"featured_media":0,"parent":0,"menu_order":0,"comment_status":"closed","ping_status":"closed","template":"","meta":{"footnotes":""},"class_list":["post-6977","page","type-page","status-publish","hentry"],"_links":{"self":[{"href":"https:\/\/www.asdelectrowavefishingteam.it\/index.php\/wp-json\/wp\/v2\/pages\/6977","targetHints":{"allow":["GET"]}}],"collection":[{"href":"https:\/\/www.asdelectrowavefishingteam.it\/index.php\/wp-json\/wp\/v2\/pages"}],"about":[{"href":"https:\/\/www.asdelectrowavefishingteam.it\/index.php\/wp-json\/wp\/v2\/types\/page"}],"author":[{"embeddable":true,"href":"https:\/\/www.asdelectrowavefishingteam.it\/index.php\/wp-json\/wp\/v2\/users\/3"}],"replies":[{"embeddable":true,"href":"https:\/\/www.asdelectrowavefishingteam.it\/index.php\/wp-json\/wp\/v2\/comments?post=6977"}],"version-history":[{"count":10,"href":"https:\/\/www.asdelectrowavefishingteam.it\/index.php\/wp-json\/wp\/v2\/pages\/6977\/revisions"}],"predecessor-version":[{"id":14617,"href":"https:\/\/www.asdelectrowavefishingteam.it\/index.php\/wp-json\/wp\/v2\/pages\/6977\/revisions\/14617"}],"wp:attachment":[{"href":"https:\/\/www.asdelectrowavefishingteam.it\/index.php\/wp-json\/wp\/v2\/media?parent=6977"}],"curies":[{"name":"wp","href":"https:\/\/api.w.org\/{rel}","templated":true}]}}