{"id":6962,"date":"2022-04-27T17:04:43","date_gmt":"2022-04-27T17:04:43","guid":{"rendered":"https:\/\/www.asdelectrowavefishingteam.it\/?page_id=6962"},"modified":"2024-07-11T11:11:14","modified_gmt":"2024-07-11T11:11:14","slug":"traina-daltura-consigli-per-l-alalunga-esche-assetti","status":"publish","type":"page","link":"https:\/\/www.asdelectrowavefishingteam.it\/index.php\/traina-daltura-consigli-per-l-alalunga-esche-assetti\/","title":{"rendered":"Traina d\u2019altura: Consigli per l\u2019 alalunga, esche &#038; assetti"},"content":{"rendered":"\t\t<div data-elementor-type=\"wp-page\" data-elementor-id=\"6962\" class=\"elementor elementor-6962\">\n\t\t\t\t\t\t<section class=\"elementor-section elementor-top-section elementor-element elementor-element-e4cb8d8 elementor-section-boxed elementor-section-height-default elementor-section-height-default\" data-id=\"e4cb8d8\" data-element_type=\"section\">\n\t\t\t\t\t\t<div class=\"elementor-container elementor-column-gap-default\">\n\t\t\t\t\t<div class=\"elementor-column elementor-col-100 elementor-top-column elementor-element elementor-element-328319e\" data-id=\"328319e\" data-element_type=\"column\">\n\t\t\t<div class=\"elementor-widget-wrap elementor-element-populated\">\n\t\t\t\t\t\t<div class=\"elementor-element elementor-element-b39bb81 elementor-widget elementor-widget-image\" data-id=\"b39bb81\" data-element_type=\"widget\" data-widget_type=\"image.default\">\n\t\t\t\t<div class=\"elementor-widget-container\">\n\t\t\t\t\t\t\t\t\t\t\t\t\t\t\t<img fetchpriority=\"high\" decoding=\"async\" width=\"1024\" height=\"687\" src=\"https:\/\/www.asdelectrowavefishingteam.it\/wp-content\/uploads\/2022\/04\/WhatsApp-Image-2022-03-29-at-08.08.00-1-1024x687.jpeg\" class=\"attachment-large size-large wp-image-6964\" alt=\"\" srcset=\"https:\/\/www.asdelectrowavefishingteam.it\/wp-content\/uploads\/2022\/04\/WhatsApp-Image-2022-03-29-at-08.08.00-1-1024x687.jpeg 1024w, https:\/\/www.asdelectrowavefishingteam.it\/wp-content\/uploads\/2022\/04\/WhatsApp-Image-2022-03-29-at-08.08.00-1-300x201.jpeg 300w, https:\/\/www.asdelectrowavefishingteam.it\/wp-content\/uploads\/2022\/04\/WhatsApp-Image-2022-03-29-at-08.08.00-1-768x516.jpeg 768w, https:\/\/www.asdelectrowavefishingteam.it\/wp-content\/uploads\/2022\/04\/WhatsApp-Image-2022-03-29-at-08.08.00-1-1536x1031.jpeg 1536w, https:\/\/www.asdelectrowavefishingteam.it\/wp-content\/uploads\/2022\/04\/WhatsApp-Image-2022-03-29-at-08.08.00-1.jpeg 1600w\" sizes=\"(max-width: 1024px) 100vw, 1024px\" \/>\t\t\t\t\t\t\t\t\t\t\t\t\t\t\t<\/div>\n\t\t\t\t<\/div>\n\t\t\t\t\t<\/div>\n\t\t<\/div>\n\t\t\t\t\t<\/div>\n\t\t<\/section>\n\t\t\t\t<section class=\"elementor-section elementor-top-section elementor-element elementor-element-8e4a4fe elementor-section-boxed elementor-section-height-default elementor-section-height-default\" data-id=\"8e4a4fe\" data-element_type=\"section\">\n\t\t\t\t\t\t<div class=\"elementor-container elementor-column-gap-default\">\n\t\t\t\t\t<div class=\"elementor-column elementor-col-100 elementor-top-column elementor-element elementor-element-2e32c9a\" data-id=\"2e32c9a\" data-element_type=\"column\">\n\t\t\t<div class=\"elementor-widget-wrap elementor-element-populated\">\n\t\t\t\t\t\t<div class=\"elementor-element elementor-element-884dceb elementor-widget elementor-widget-text-editor\" data-id=\"884dceb\" data-element_type=\"widget\" data-widget_type=\"text-editor.default\">\n\t\t\t\t<div class=\"elementor-widget-container\">\n\t\t\t\t\t\t\t\t\t<h2>Traina d\u2019 altura: consigli per l\u2019alalunga<\/h2>\n<p>La primavera \u00e8 prossima e con lei la stagione dell\u2019altura. Per chi \u00e8 alle prime armi e volesse attrezzarsi per catturare le alalunghe quali sono i consigli pi\u00f9 importanti?<br><span style=\"color: var( --e-global-color-text ); font-family: var( --e-global-typography-text-font-family ), Sans-serif; font-weight: var( --e-global-typography-text-font-weight );\">Per pescare le alalunghe, prede classiche dell\u2019altura, di solito si usano canne da 12-20 lb ma con le 30, soprattutto le prime volte,&nbsp; si \u00e8 al sicuro da eventuali sorprese se si dovessero incontrare pesci pi\u00f9 combattivi.<br><\/span><span style=\"color: var( --e-global-color-text ); font-family: var( --e-global-typography-text-font-family ), Sans-serif; font-weight: var( --e-global-typography-text-font-weight );\">Per quanto riguarda le esche, ci attesteremo su minnow da 14 cm, con grande paletta per un maggiore affondamento, sui kona, i kona jet&nbsp; e le testine piumate, anche questi di misura intorno ai 14 \u2013 15 cm.<br><\/span><span style=\"color: var( --e-global-color-text ); font-family: var( --e-global-typography-text-font-family ), Sans-serif; font-weight: var( --e-global-typography-text-font-weight );\">La batteria di canne in pesca, soprattutto se si \u00e8 alle prime armi, non superer\u00e0 il numero di 4, perch\u00e9 maggiore sar\u00e0 il numero delle lenze in acqua maggiori saranno le difficolt\u00e0 nel condurre l\u2019imbarcazione senza correre il rischio di pericolosi garbugli.&nbsp;<\/span><\/p>\t\t\t\t\t\t\t\t<\/div>\n\t\t\t\t<\/div>\n\t\t\t\t\t<\/div>\n\t\t<\/div>\n\t\t\t\t\t<\/div>\n\t\t<\/section>\n\t\t\t\t<\/div>\n\t\t","protected":false},"excerpt":{"rendered":"<p>Traina d\u2019 altura: consigli per l\u2019alalunga La primavera \u00e8 prossima e con lei la stagione dell\u2019altura. Per chi \u00e8 alle prime armi e volesse attrezzarsi per catturare le alalunghe quali sono i consigli pi\u00f9 importanti?Per pescare le alalunghe, prede classiche dell\u2019altura, di solito si usano canne da 12-20 lb ma con le 30, soprattutto le prime volte,&nbsp; si \u00e8 al &hellip;<\/p>\n","protected":false},"author":3,"featured_media":0,"parent":0,"menu_order":0,"comment_status":"closed","ping_status":"closed","template":"","meta":{"footnotes":""},"class_list":["post-6962","page","type-page","status-publish","hentry"],"_links":{"self":[{"href":"https:\/\/www.asdelectrowavefishingteam.it\/index.php\/wp-json\/wp\/v2\/pages\/6962","targetHints":{"allow":["GET"]}}],"collection":[{"href":"https:\/\/www.asdelectrowavefishingteam.it\/index.php\/wp-json\/wp\/v2\/pages"}],"about":[{"href":"https:\/\/www.asdelectrowavefishingteam.it\/index.php\/wp-json\/wp\/v2\/types\/page"}],"author":[{"embeddable":true,"href":"https:\/\/www.asdelectrowavefishingteam.it\/index.php\/wp-json\/wp\/v2\/users\/3"}],"replies":[{"embeddable":true,"href":"https:\/\/www.asdelectrowavefishingteam.it\/index.php\/wp-json\/wp\/v2\/comments?post=6962"}],"version-history":[{"count":13,"href":"https:\/\/www.asdelectrowavefishingteam.it\/index.php\/wp-json\/wp\/v2\/pages\/6962\/revisions"}],"predecessor-version":[{"id":14607,"href":"https:\/\/www.asdelectrowavefishingteam.it\/index.php\/wp-json\/wp\/v2\/pages\/6962\/revisions\/14607"}],"wp:attachment":[{"href":"https:\/\/www.asdelectrowavefishingteam.it\/index.php\/wp-json\/wp\/v2\/media?parent=6962"}],"curies":[{"name":"wp","href":"https:\/\/api.w.org\/{rel}","templated":true}]}}