{"id":10427,"date":"2022-10-19T10:56:15","date_gmt":"2022-10-19T10:56:15","guid":{"rendered":"https:\/\/www.asdelectrowavefishingteam.it\/?page_id=10427"},"modified":"2022-10-19T11:23:18","modified_gmt":"2022-10-19T11:23:18","slug":"rassegna-stampa-parlano-di-noi","status":"publish","type":"page","link":"https:\/\/www.asdelectrowavefishingteam.it\/index.php\/rassegna-stampa-parlano-di-noi\/","title":{"rendered":"Rassegna Stampa \u2026 Parlano di Noi"},"content":{"rendered":"\t\t<div data-elementor-type=\"wp-page\" data-elementor-id=\"10427\" class=\"elementor elementor-10427\">\n\t\t\t\t\t\t<section class=\"elementor-section elementor-top-section elementor-element elementor-element-1b8397b elementor-section-boxed elementor-section-height-default elementor-section-height-default\" data-id=\"1b8397b\" data-element_type=\"section\">\n\t\t\t\t\t\t<div class=\"elementor-container elementor-column-gap-default\">\n\t\t\t\t\t<div class=\"elementor-column elementor-col-50 elementor-top-column elementor-element elementor-element-3df3994\" data-id=\"3df3994\" data-element_type=\"column\">\n\t\t\t<div class=\"elementor-widget-wrap elementor-element-populated\">\n\t\t\t\t\t\t<div class=\"elementor-element elementor-element-6bf787b elementor-widget elementor-widget-text-editor\" data-id=\"6bf787b\" data-element_type=\"widget\" data-widget_type=\"text-editor.default\">\n\t\t\t\t<div class=\"elementor-widget-container\">\n\t\t\t\t\t\t\t\t\t<h3><strong>Obiettivo raggiunto!<br \/>Gli eventi alla loro prima edizione suscitano sempre grosse perplessit\u00e0 ed incognite e pertanto una scarsa partecipazione di sponsor e concorrenti. Nel caso del TROLLING TROPHY ROMA invece, l\u2019obiettivo \u00e8 stato pienamente raggiunto sin dall\u2019esordio. &#8230;<br \/><br \/>Clicca sul logo<\/strong><\/h3>\t\t\t\t\t\t\t\t<\/div>\n\t\t\t\t<\/div>\n\t\t\t\t\t<\/div>\n\t\t<\/div>\n\t\t\t\t<div class=\"elementor-column elementor-col-50 elementor-top-column elementor-element elementor-element-a234a3c\" data-id=\"a234a3c\" data-element_type=\"column\">\n\t\t\t<div class=\"elementor-widget-wrap elementor-element-populated\">\n\t\t\t\t\t\t<div class=\"elementor-element elementor-element-4cca79f elementor-widget elementor-widget-image\" data-id=\"4cca79f\" data-element_type=\"widget\" data-widget_type=\"image.default\">\n\t\t\t\t<div class=\"elementor-widget-container\">\n\t\t\t\t\t\t\t\t\t\t\t\t\t\t\t\t<a href=\"https:\/\/www.fishingboatmagazine.it\/1-trolling-trophy-roma-trofeo-di-traina-daltura-della-capitale-l-pau-e-redazione\/?fbclid=IwAR1NJAb15n1LtWXpEVDVR5_z73ejQn9JHxFPGlWHLqB12yvthnOOcLAPu4E\" target=\"_blank\">\n\t\t\t\t\t\t\t<img fetchpriority=\"high\" decoding=\"async\" width=\"1024\" height=\"395\" src=\"https:\/\/www.asdelectrowavefishingteam.it\/wp-content\/uploads\/2022\/10\/FISHING-BOAT-1-1024x395.jpg\" class=\"attachment-large size-large wp-image-10359\" alt=\"\" srcset=\"https:\/\/www.asdelectrowavefishingteam.it\/wp-content\/uploads\/2022\/10\/FISHING-BOAT-1-1024x395.jpg 1024w, https:\/\/www.asdelectrowavefishingteam.it\/wp-content\/uploads\/2022\/10\/FISHING-BOAT-1-300x116.jpg 300w, https:\/\/www.asdelectrowavefishingteam.it\/wp-content\/uploads\/2022\/10\/FISHING-BOAT-1-768x297.jpg 768w, https:\/\/www.asdelectrowavefishingteam.it\/wp-content\/uploads\/2022\/10\/FISHING-BOAT-1.jpg 1181w\" sizes=\"(max-width: 1024px) 100vw, 1024px\" \/>\t\t\t\t\t\t\t\t<\/a>\n\t\t\t\t\t\t\t\t\t\t\t\t\t\t\t<\/div>\n\t\t\t\t<\/div>\n\t\t\t\t\t<\/div>\n\t\t<\/div>\n\t\t\t\t\t<\/div>\n\t\t<\/section>\n\t\t\t\t<section class=\"elementor-section elementor-top-section elementor-element elementor-element-9e7d66f elementor-section-boxed elementor-section-height-default elementor-section-height-default\" data-id=\"9e7d66f\" data-element_type=\"section\">\n\t\t\t\t\t\t<div class=\"elementor-container elementor-column-gap-default\">\n\t\t\t\t\t<div class=\"elementor-column elementor-col-50 elementor-top-column elementor-element elementor-element-1842ac6\" data-id=\"1842ac6\" data-element_type=\"column\">\n\t\t\t<div class=\"elementor-widget-wrap elementor-element-populated\">\n\t\t\t\t\t\t<div class=\"elementor-element elementor-element-d8bfac2 elementor-widget elementor-widget-image\" data-id=\"d8bfac2\" data-element_type=\"widget\" data-widget_type=\"image.default\">\n\t\t\t\t<div class=\"elementor-widget-container\">\n\t\t\t\t\t\t\t\t\t\t\t\t\t\t\t\t<a href=\"https:\/\/www.globalfishing.it\/7877-2\/\" target=\"_blank\">\n\t\t\t\t\t\t\t<img decoding=\"async\" width=\"233\" height=\"110\" src=\"https:\/\/www.asdelectrowavefishingteam.it\/wp-content\/uploads\/2022\/10\/global-fishing-1.jpg\" class=\"attachment-1536x1536 size-1536x1536 wp-image-10374\" alt=\"\" \/>\t\t\t\t\t\t\t\t<\/a>\n\t\t\t\t\t\t\t\t\t\t\t\t\t\t\t<\/div>\n\t\t\t\t<\/div>\n\t\t\t\t\t<\/div>\n\t\t<\/div>\n\t\t\t\t<div class=\"elementor-column elementor-col-50 elementor-top-column elementor-element elementor-element-cb65a77\" data-id=\"cb65a77\" data-element_type=\"column\">\n\t\t\t<div class=\"elementor-widget-wrap elementor-element-populated\">\n\t\t\t\t\t\t<div class=\"elementor-element elementor-element-ebc02bb elementor-widget elementor-widget-image\" data-id=\"ebc02bb\" data-element_type=\"widget\" data-widget_type=\"image.default\">\n\t\t\t\t<div class=\"elementor-widget-container\">\n\t\t\t\t\t\t\t\t\t\t\t\t\t\t\t\t<a href=\"https:\/\/www.boatmag.it\/53154-trolling-trohpy-roma-2022-gara-traina-altura\/\" target=\"_blank\">\n\t\t\t\t\t\t\t<img decoding=\"async\" width=\"233\" height=\"61\" src=\"https:\/\/www.asdelectrowavefishingteam.it\/wp-content\/uploads\/2022\/10\/boat-1.jpg\" class=\"attachment-large size-large wp-image-10391\" alt=\"\" \/>\t\t\t\t\t\t\t\t<\/a>\n\t\t\t\t\t\t\t\t\t\t\t\t\t\t\t<\/div>\n\t\t\t\t<\/div>\n\t\t\t\t\t<\/div>\n\t\t<\/div>\n\t\t\t\t\t<\/div>\n\t\t<\/section>\n\t\t\t\t<section class=\"elementor-section elementor-top-section elementor-element elementor-element-5d29565 elementor-section-boxed elementor-section-height-default elementor-section-height-default\" data-id=\"5d29565\" data-element_type=\"section\">\n\t\t\t\t\t\t<div class=\"elementor-container elementor-column-gap-default\">\n\t\t\t\t\t<div class=\"elementor-column elementor-col-50 elementor-top-column elementor-element elementor-element-6891d22\" data-id=\"6891d22\" data-element_type=\"column\">\n\t\t\t<div class=\"elementor-widget-wrap elementor-element-populated\">\n\t\t\t\t\t\t<div class=\"elementor-element elementor-element-7215460 elementor-widget elementor-widget-text-editor\" data-id=\"7215460\" data-element_type=\"widget\" data-widget_type=\"text-editor.default\">\n\t\t\t\t<div class=\"elementor-widget-container\">\n\t\t\t\t\t\t\t\t\t<h3><strong>Tornano i grandi eventi di pesca a\u00a0Roma, o meglio ad\u00a0Ostia, con una promettente gara di traina d\u2019altura. Grazie alla grande capacit\u00e0 organizzativa dell\u2019\u00a0ASD ElectroWave \u2013 Fishing &#8211; Reel Time di Roma il\u00a07, 8 e 9 Ottobre\u00a0avr\u00e0 luogo, con partenza dal\u00a0Porto di Roma, la prima edizione del\u00a0Trolling Trophy Roma. &#8230;..<br \/><\/strong><\/h3><h3>Clicca sul logo<\/h3><h3><strong>\u00a0<\/strong><\/h3>\t\t\t\t\t\t\t\t<\/div>\n\t\t\t\t<\/div>\n\t\t\t\t\t<\/div>\n\t\t<\/div>\n\t\t\t\t<div class=\"elementor-column elementor-col-50 elementor-top-column elementor-element elementor-element-1789fdf\" data-id=\"1789fdf\" data-element_type=\"column\">\n\t\t\t<div class=\"elementor-widget-wrap elementor-element-populated\">\n\t\t\t\t\t\t<div class=\"elementor-element elementor-element-d01e1ce elementor-widget elementor-widget-text-editor\" data-id=\"d01e1ce\" data-element_type=\"widget\" data-widget_type=\"text-editor.default\">\n\t\t\t\t<div class=\"elementor-widget-container\">\n\t\t\t\t\t\t\t\t\t<h3><strong>Organizzato dalla ASD ElectroWave \u2013 Fishing Reel Time di Roma, il 7, 8 e 9 ottobre 2022 si terr\u00e0 al Porto Turistico di Ostia la prima edizione del Trolling Trophy Roma 2022, una competizione di traina d\u2019altura nata nell\u2019ottica di far convivere competizione e amicizia&#8230;..<br \/><\/strong><\/h3><h3>Clicca sul logo<\/h3><h3><strong>\u00a0<\/strong><\/h3>\t\t\t\t\t\t\t\t<\/div>\n\t\t\t\t<\/div>\n\t\t\t\t\t<\/div>\n\t\t<\/div>\n\t\t\t\t\t<\/div>\n\t\t<\/section>\n\t\t\t\t<section class=\"elementor-section elementor-top-section elementor-element elementor-element-ad2fa8a elementor-section-boxed elementor-section-height-default elementor-section-height-default\" data-id=\"ad2fa8a\" data-element_type=\"section\">\n\t\t\t\t\t\t<div class=\"elementor-container elementor-column-gap-default\">\n\t\t\t\t\t<div class=\"elementor-column elementor-col-50 elementor-top-column elementor-element elementor-element-f0077b6\" data-id=\"f0077b6\" data-element_type=\"column\">\n\t\t\t<div class=\"elementor-widget-wrap elementor-element-populated\">\n\t\t\t\t\t\t<div class=\"elementor-element elementor-element-18d572c elementor-widget elementor-widget-image\" data-id=\"18d572c\" data-element_type=\"widget\" data-widget_type=\"image.default\">\n\t\t\t\t<div class=\"elementor-widget-container\">\n\t\t\t\t\t\t\t\t\t\t\t\t\t\t\t\t<a href=\"https:\/\/www.barchemagazine.com\/traina-daltura-il-7-8-e-9-ottobre-si-svolge-il-trolling-trophy-roma-2022\/?fbclid=IwAR3IuiOm4okV7dirDfOgkMSgWHqM-c3tZHBZIzP-gREqnU9v_1bJBxvUrGo\" target=\"_blank\">\n\t\t\t\t\t\t\t<img loading=\"lazy\" decoding=\"async\" width=\"401\" height=\"161\" src=\"https:\/\/www.asdelectrowavefishingteam.it\/wp-content\/uploads\/2022\/10\/barche-1.jpg\" class=\"attachment-1536x1536 size-1536x1536 wp-image-10364\" alt=\"\" srcset=\"https:\/\/www.asdelectrowavefishingteam.it\/wp-content\/uploads\/2022\/10\/barche-1.jpg 401w, https:\/\/www.asdelectrowavefishingteam.it\/wp-content\/uploads\/2022\/10\/barche-1-300x120.jpg 300w\" sizes=\"(max-width: 401px) 100vw, 401px\" \/>\t\t\t\t\t\t\t\t<\/a>\n\t\t\t\t\t\t\t\t\t\t\t\t\t\t\t<\/div>\n\t\t\t\t<\/div>\n\t\t\t\t\t<\/div>\n\t\t<\/div>\n\t\t\t\t<div class=\"elementor-column elementor-col-50 elementor-top-column elementor-element elementor-element-8f7aa46\" data-id=\"8f7aa46\" data-element_type=\"column\">\n\t\t\t<div class=\"elementor-widget-wrap elementor-element-populated\">\n\t\t\t\t\t\t<div class=\"elementor-element elementor-element-d0c668a elementor-widget elementor-widget-image\" data-id=\"d0c668a\" data-element_type=\"widget\" data-widget_type=\"image.default\">\n\t\t\t\t<div class=\"elementor-widget-container\">\n\t\t\t\t\t\t\t\t\t\t\t\t\t\t\t\t<a href=\"https:\/\/www.mondobarcamarket.it\/trolling-trophy-roma-2022\/\" target=\"_blank\">\n\t\t\t\t\t\t\t<img loading=\"lazy\" decoding=\"async\" width=\"401\" height=\"161\" src=\"https:\/\/www.asdelectrowavefishingteam.it\/wp-content\/uploads\/2022\/10\/mondo-barche-1.jpg\" class=\"attachment-large size-large wp-image-10399\" alt=\"\" srcset=\"https:\/\/www.asdelectrowavefishingteam.it\/wp-content\/uploads\/2022\/10\/mondo-barche-1.jpg 401w, https:\/\/www.asdelectrowavefishingteam.it\/wp-content\/uploads\/2022\/10\/mondo-barche-1-300x120.jpg 300w\" sizes=\"(max-width: 401px) 100vw, 401px\" \/>\t\t\t\t\t\t\t\t<\/a>\n\t\t\t\t\t\t\t\t\t\t\t\t\t\t\t<\/div>\n\t\t\t\t<\/div>\n\t\t\t\t\t<\/div>\n\t\t<\/div>\n\t\t\t\t\t<\/div>\n\t\t<\/section>\n\t\t\t\t<section class=\"elementor-section elementor-top-section elementor-element elementor-element-a19f861 elementor-section-boxed elementor-section-height-default elementor-section-height-default\" data-id=\"a19f861\" data-element_type=\"section\">\n\t\t\t\t\t\t<div class=\"elementor-container elementor-column-gap-default\">\n\t\t\t\t\t<div class=\"elementor-column elementor-col-50 elementor-top-column elementor-element elementor-element-1b438a2\" data-id=\"1b438a2\" data-element_type=\"column\">\n\t\t\t<div class=\"elementor-widget-wrap elementor-element-populated\">\n\t\t\t\t\t\t<div class=\"elementor-element elementor-element-7e5c6e4 elementor-widget elementor-widget-text-editor\" data-id=\"7e5c6e4\" data-element_type=\"widget\" data-widget_type=\"text-editor.default\">\n\t\t\t\t<div class=\"elementor-widget-container\">\n\t\t\t\t\t\t\t\t\t<div class=\"elementor-element elementor-element-65b5f5d4 elementor-widget elementor-widget-text-editor\" data-id=\"65b5f5d4\" data-element_type=\"widget\" data-widget_type=\"text-editor.default\"><div class=\"elementor-widget-container\"><div class=\"elementor-text-editor elementor-clearfix\"><h3><strong>Appuntamento al Porto turistico di Ostia per la prima edizione del\u00a0Trolling Trophy Roma, un evento competitivo ma anche di unione e di amicizia<\/strong><\/h3><\/div><\/div><\/div><div class=\"elementor-element elementor-element-a369164 elementor-widget elementor-widget-text-editor\" data-id=\"a369164\" data-element_type=\"widget\" data-widget_type=\"text-editor.default\"><div class=\"elementor-widget-container\"><div class=\"elementor-text-editor elementor-clearfix\"><h3><strong>Come si pu\u00f2 intuire gi\u00e0 dal nome si tratter\u00e0 di una gara di traina d\u2019altura, aperta a tutti coloro che vorranno confrontarsi con gli altri equipaggi, con s\u00e9 stessi e con gli \u201cabitanti del mare\u201d<\/strong>, indipendentemente dalla regione italiana di provenienza. Il Trolling Trophy Roma \u00e8 organizzato dalla\u00a0<a href=\"https:\/\/www.asdelectrowavefishingteam.it\/\">ASD ElectroWave \u2013 Fishing Reel Time<\/a> di Roma, un\u2019associazione di recente costituzione ma che ha gi\u00e0 dato modo di far vedere quale sia il suo interesse primario: far divertire i pesca-sportivi, organizzando eventi in cui la pesca sia per\u00f2 solo uno degli elementi che li contraddistinguono. &#8230;<br \/><br \/>Clicca sul logo<\/h3><\/div><\/div><\/div>\t\t\t\t\t\t\t\t<\/div>\n\t\t\t\t<\/div>\n\t\t\t\t\t<\/div>\n\t\t<\/div>\n\t\t\t\t<div class=\"elementor-column elementor-col-50 elementor-top-column elementor-element elementor-element-535d24b\" data-id=\"535d24b\" data-element_type=\"column\">\n\t\t\t<div class=\"elementor-widget-wrap elementor-element-populated\">\n\t\t\t\t\t\t<div class=\"elementor-element elementor-element-464ef0d elementor-widget elementor-widget-text-editor\" data-id=\"464ef0d\" data-element_type=\"widget\" data-widget_type=\"text-editor.default\">\n\t\t\t\t<div class=\"elementor-widget-container\">\n\t\t\t\t\t\t\t\t\t<h3 class=\"entry-title\">Trolling Trophy Roma 2022: il 1\u00b0 Trofeo di traina d\u2019Altura di Roma<\/h3><div class=\"entry-content\"><h3>Il\u00a0<strong>Trolling Trophy Roma 2022<\/strong>\u00a0sar\u00e0 una gara di traina d\u2019altura, la prima della Capitale. L\u2019iscrizione \u00e8 aperta a chiunque voglia confrontarsi con gli altri equipaggi, con s\u00e9 stesso e con gli abitanti del mare, da qualunque regione d\u2019Italia. In linea con il desiderio di far\u00a0<strong>convivere competizione ed amicizia<\/strong>\u00a0in questo Trofeo.<span id=\"more-35555\"><\/span><\/h3><h3>Ad organizzare l\u2019evento,\u00a0<strong>ASD Electrowave \u2013 Fishing Reel Time<\/strong> di Roma. Si tratta di un\u2019associazione giovane, in termini di costituzione, ma che ha gi\u00e0 reso &#8230;&#8230;<br \/><br \/>Clicca sul logo<\/h3><\/div>\t\t\t\t\t\t\t\t<\/div>\n\t\t\t\t<\/div>\n\t\t\t\t\t<\/div>\n\t\t<\/div>\n\t\t\t\t\t<\/div>\n\t\t<\/section>\n\t\t\t\t<\/div>\n\t\t","protected":false},"excerpt":{"rendered":"<p>Obiettivo raggiunto!Gli eventi alla loro prima edizione suscitano sempre grosse perplessit\u00e0 ed incognite e pertanto una scarsa partecipazione di sponsor e concorrenti. Nel caso del TROLLING TROPHY ROMA invece, l\u2019obiettivo \u00e8 stato pienamente raggiunto sin dall\u2019esordio. &#8230; Clicca sul logo Tornano i grandi eventi di pesca a\u00a0Roma, o meglio ad\u00a0Ostia, con una promettente gara di traina d\u2019altura. Grazie alla grande &hellip;<\/p>\n","protected":false},"author":3,"featured_media":0,"parent":0,"menu_order":0,"comment_status":"closed","ping_status":"closed","template":"","meta":{"footnotes":""},"class_list":["post-10427","page","type-page","status-publish","hentry"],"_links":{"self":[{"href":"https:\/\/www.asdelectrowavefishingteam.it\/index.php\/wp-json\/wp\/v2\/pages\/10427","targetHints":{"allow":["GET"]}}],"collection":[{"href":"https:\/\/www.asdelectrowavefishingteam.it\/index.php\/wp-json\/wp\/v2\/pages"}],"about":[{"href":"https:\/\/www.asdelectrowavefishingteam.it\/index.php\/wp-json\/wp\/v2\/types\/page"}],"author":[{"embeddable":true,"href":"https:\/\/www.asdelectrowavefishingteam.it\/index.php\/wp-json\/wp\/v2\/users\/3"}],"replies":[{"embeddable":true,"href":"https:\/\/www.asdelectrowavefishingteam.it\/index.php\/wp-json\/wp\/v2\/comments?post=10427"}],"version-history":[{"count":40,"href":"https:\/\/www.asdelectrowavefishingteam.it\/index.php\/wp-json\/wp\/v2\/pages\/10427\/revisions"}],"predecessor-version":[{"id":10469,"href":"https:\/\/www.asdelectrowavefishingteam.it\/index.php\/wp-json\/wp\/v2\/pages\/10427\/revisions\/10469"}],"wp:attachment":[{"href":"https:\/\/www.asdelectrowavefishingteam.it\/index.php\/wp-json\/wp\/v2\/media?parent=10427"}],"curies":[{"name":"wp","href":"https:\/\/api.w.org\/{rel}","templated":true}]}}